44
-11100011000101100 (base 2) to base 6
-2254140
What is -159625 (base 10) in base 13?
-5786b
Convert -22011010122 (base 3) to base 8.
-471336
What is -24393 (base 12) in base 13?
-19368
-12121011111222 (base 3) to base 14
-5764a6
What is -1330310033 (base 4) in base 7?
-4226342
-421421130 (base 5) to base 12
-7038aa
What is 1110010001101110011 (base 2) in base 14?
c26c3
84ab85 (base 13) to base 15
4160a1
Convert -9342405 (base 10) to base 9.
-18518330
Convert -1672601 (base 9) to base 16.
-e3ee7
1664668 (base 9) to base 10
928565
What is -303434424 (base 5) in base 9?
-2280331
What is 21543a (base 11) in base 5?
42001200
Convert -5bbc1 (base 13) to base 15.
-3510d
What is -34be16 (base 16) in base 11?
-1a50a44
What is -7124163 (base 8) in base 3?
-10112102022102
What is -359564 (base 12) in base 2?
-11010011100011011100
Convert -47108 (base 13) to base 9.
-217042
Convert 11100111001111100011 (base 2) to base 11.
597695
Convert 409a5 (base 16) to base 15.
5360d
Convert 1228762 (base 11) to base 8.
10110754
Convert 210100012 (base 5) to base 12.
357177
-5751020 (base 8) to base 13
-42873c
What is -1053b8 (base 14) in base 10?
-552294
-100363 (base 7) to base 13
-7978
Convert -3566611 (base 7) to base 12.
-19a704
What is -10020444 (base 5) in base 14?
-20d87
-304606 (base 8) to base 4
-120212012
Convert 63a9 (base 16) to base 13.
b7c7
Convert -121011330 (base 4) to base 7.
-605436
What is 42070 (base 9) in base 7?
143643
What is 2440750 (base 9) in base 16?
143b6e
Convert -1a147b (base 12) to base 15.
-90d2b
What is 7083 (base 13) in base 12?
8b66
-103726 (base 9) to base 2
-1111000110000011
Convert 55535 (base 11) to base 12.
3a707
Convert -176661 (base 12) to base 16.
-62f29
Convert 6599b9 (base 15) to base 12.
1756079
Convert 6a05a (base 12) to base 9.
235417
What is -1048381 (base 9) in base 12?
-232361
Convert -704372 (base 9) to base 14.
-abb4b
What is 3a42a0 (base 14) in base 16?
1ea834
723467 (base 13) to base 8
12122145
What is -1000001110101011100 (base 2) in base 16?
-41d5c
Convert 1111402 (base 7) to base 12.
6761a
Convert -20034570 (base 9) to base 2.
-100100100101000100001101
What is -1111110011100000111 (base 2) in base 9?
-868368
23332002 (base 4) to base 6
1014550
-3731001 (base 8) to base 5
-230403414
Convert -95563 (base 10) to base 8.
-272513
-1000001001011111011 (base 2) to base 8
-1011373
What is e931c (base 16) in base 5?
221031124
Convert e091d (base 16) to base 10.
919837
Convert 1100111001112 (base 3) to base 10.
718106
What is -265542 (base 7) in base 5?
-3100020
-51c0d (base 14) to base 6
-4120525
What is 54012330 (base 6) in base 3?
2222200112200
-97683 (base 13) to base 4
-1002302031
20241211 (base 5) to base 9
271524
What is -20131441 (base 5) in base 16?
-276d8
Convert -12774768 (base 10) to base 6.
-1133450240
What is -529faa (base 16) in base 2?
-10100101001111110101010
Convert -3b7ee (base 15) to base 9.
-320648
What is 1a143 (base 14) in base 6?
1230023
Convert -921977 (base 12) to base 2.
-1000101101101000101011
What is 1101010111001010110 (base 2) in base 4?
1222321112
1a6186 (base 15) to base 9
2370330
106252502 (base 7) to base 12
222367b
Convert -111001111001001100 (base 2) to base 6.
-5025500
Convert 170285 (base 10) to base 13.
5c67b
What is -2341430 (base 5) in base 10?
-43365
Convert 2050777 (base 9) to base 13.
2c5018
-200120002 (base 4) to base 10
-132610
What is 2c94bc4 (base 13) in base 9?
30042463
What is 131101032 (base 4) in base 7?
1006344
-1200022220 (base 3) to base 4
-20010111
What is -15061564 (base 7) in base 16?
-15c58c
Convert 10101010100010 (base 2) to base 9.
15866
What is -eb8557 (base 15) in base 6?
-1040223244
Convert -3a7740 (base 13) to base 12.
-583607
7973 (base 11) to base 6
120314
What is -1101022222122 (base 3) in base 11?
-4620a0
316545 (base 7) to base 13
1c14c
Convert 3723261 (base 8) to base 15.
153dad
Convert -40041510 (base 6) to base 13.
-30529b
-212212331011 (base 4) to base 6
-1000532341
Convert 91d645 (base 15) to base 7.
112622633
Convert -2cf07 (base 16) to base 9.
-310443
Convert 631487 (base 9) to base 14.
9a9b7
-22b26 (base 12) to base 5
-2442132
Convert 3065a9 (base 13) to base 14.
215149
413401213 (base 5) to base 8
6370527
Convert 1707590 (base 11) to base 15.
3c6d94
What is -1a4a (base 12) in base 10?
-3226
Convert 51141442 (base 6) to base 2.
101100100010111100010
What is -29156b (base 15) in base 11?
-113191a
2001030321 (base 4) to base 6
15202013
What is -23143345 (base 7) in base 8?
-7570205
535371 (base 8) to base 2
101011101011111001
Convert 1111011010111011001 (base 2) to base 8.
1732731
552508 (base 9) to base 8
1204301
1000000011101000001 (base 2) to base 16
40741
Convert 187154 (base 9) to base 4.
130200202
What is 12030473 (base 8) in base 3?
11221211020011
Convert -6160944 (base 10) to base 15.
-81a6e9
3dd7e (base 15) to base 5
22330134
What is 21101212221 (base 3) in base 16?
23935
What is 13211130 (base 4) in base 3?
1120121200
What is 10111010100101110 (base 2) in base 9?
155038
Convert -5d0a8 (base 16) to base 10.
-381096
What is -6355056 (base 8) in base 2?
-110011101101000101110
17384b (base 15) to base 7
12366026
Convert 4752128 (base 12) to base 4.
310213130300
Convert 55134 (base 15) to base 11.
175074
Convert -11325554 (base 6) to base 3.
-122222022221
116939 (base 10) to base 14
3088b
Convert 5485 (base 14) to base 7.
60425
What is -4302577 (base 10) in base 4?
-100122123301
Convert -1222332 (base 6) to base 8.
-177520
-b7c23 (base 15) to base 12
-241629
Convert -559742 (base 13) to base 10.
-2020280
Convert -43334123 (base 5) to base 13.
-ccc30
Convert -3130021130 (base 4) to base 14.
-19688c
21822a5 (base 12) to base 8
30301435
-1650723 (base 9) to base 12
-383aa0
What is 12221122201000 (base 3) in base 10?
3162186
429136 (base 11) to base 7
5553623
What is -1b3da (base 14) in base 7?
-406163
What is 100202011001 (base 3) in base 5?
22114321
What is -598f95 (base 16) in base 3?
-102001012101110
Convert 2a74a2b (base 13) to base 9.
27483114
Convert -ee1b (base 15) to base 4.
-30103322
What is 11110010110001 (base 2) in base 15?
490c
What is 4e703 (base 15) in base 9?
422673
What is -15004312 (base 6) in base 4?
-1331202110
-3d1b01 (base 15) to base 16
-2ce495
Convert -360304 (base 7) to base 10.
-64978
Convert 3c70a1 (base 13) to base 2.
101100111011001111001
-8508b (base 13) to base 3
-110011122122
Convert 1435147 (base 8) to base 12.
17825b
Convert -111201011000 (base 3) to base 14.
-704a2
What is -320555125 (base 6) in base 9?
-11553688
What is -100000010011111101 (base 2) in base 12?
-64711
What is -58861 (base 12) in base 13?
-42070
What is -580b13 (base 12) in base 7?
-14666406
30002320 (base 4) to base 2
1100000010111000
What is -131513 (base 6) in base 5?
-341234
-1222303212 (base 4) to base 2
-1101010110011100110
What is -5388 (base 14) in base 13?
-674b
What is 15740 (base 11) in base 14?
812b
What is 22042a (base 11) in base 10?
351900
What is -51169 (base 14) in base 16?
-2fa29
Convert -19faf (base 16) to base 14.
-2aad1
Convert -87a10 (base 11) to base 7.
-1041130
-3511142 (base 8) to base 14
-1ac04a
What is -2011201102010 (base 3) in base 16?
-11a2b5
Convert -1321020 (base 8) to base 15.
-745b3
c271c8 (base 13) to base 10
4528350
Convert 20002212110 (base 3) to base 14.
31b2d
What is 218c2 (base 16) in base 3?
20222111021
What is 150202523 (base 6) in base 3?
12211021012020
5880817 (base 9) to base 12
1095a51
What is -52a286 (base 13) in base 16?
-1d8a85
What is bb5510 (base 13) in base 16?
434b7d
46bbb9 (base 16) to base 13
c63c5b
Convert 1550645 (base 8) to base 13.
12853a
-150625 (base 16) to base 15
-1c33a4
What is 69bb58 (base 12) in base 8?
6370664
What is 110011011000001101 (base 2) in base 14?
5699b
Convert -66536345 (base 7) to base 14.
-a960cc
Convert -3114404 (base 6) to base 2.
-100100101000100100
Convert -132020233310 (base 4) to base 14.
-10990c4
-141011131 (base 5) to base 8
-2575265
Convert -41d15 (base 15) to base 16.
-32fb4
-23020201 (base 4) to base 3
-2022112221
What is 88ab9 (base 16) in base 2?
10001000101010111001
-250005344 (base 6) to base 13
-ca8859
11060 (base 16) to base 4
101001200
What is -1045113522 (base 6) in base 4?
-223221013322
470022 (base 8) to base 3
22010011010
Convert 1332